{"id":30484,"date":"2025-06-16T11:35:25","date_gmt":"2025-06-16T09:35:25","guid":{"rendered":"https:\/\/cvetlicarna-jasmin.com\/?page_id=30484"},"modified":"2025-06-17T11:19:27","modified_gmt":"2025-06-17T09:19:27","slug":"o-nas","status":"publish","type":"page","link":"https:\/\/cvetlicarna-jasmin.com\/index.php\/o-nas\/","title":{"rendered":"O nas"},"content":{"rendered":"\t\t<div data-elementor-type=\"wp-page\" data-elementor-id=\"30484\" class=\"elementor elementor-30484\">\n\t\t\t\t<div class=\"elementor-element elementor-element-891302c e-con-full e-flex wpr-particle-no wpr-jarallax-no wpr-parallax-no wpr-sticky-section-no elementor-invisible e-con e-parent\" data-id=\"891302c\" data-element_type=\"container\" data-settings=\"{&quot;background_background&quot;:&quot;classic&quot;,&quot;animation&quot;:&quot;fadeInUp&quot;}\">\n\t\t\t\t<div class=\"elementor-element elementor-element-69fc9fe elementor-widget elementor-widget-spacer\" data-id=\"69fc9fe\" data-element_type=\"widget\" data-widget_type=\"spacer.default\">\n\t\t\t\t<div class=\"elementor-widget-container\">\n\t\t\t\t\t\t\t<div class=\"elementor-spacer\">\n\t\t\t<div class=\"elementor-spacer-inner\"><\/div>\n\t\t<\/div>\n\t\t\t\t\t\t<\/div>\n\t\t\t\t<\/div>\n\t\t\t\t<div class=\"elementor-element elementor-element-c1eabc4 elementor-widget__width-initial elementor-widget elementor-widget-heading\" data-id=\"c1eabc4\" data-element_type=\"widget\" data-widget_type=\"heading.default\">\n\t\t\t\t<div class=\"elementor-widget-container\">\n\t\t\t\t\t<h2 class=\"elementor-heading-title elementor-size-default\">O NAS<\/h2>\t\t\t\t<\/div>\n\t\t\t\t<\/div>\n\t\t\t\t<div class=\"elementor-element elementor-element-0f3f4b4 elementor-widget elementor-widget-spacer\" data-id=\"0f3f4b4\" data-element_type=\"widget\" data-widget_type=\"spacer.default\">\n\t\t\t\t<div class=\"elementor-widget-container\">\n\t\t\t\t\t\t\t<div class=\"elementor-spacer\">\n\t\t\t<div class=\"elementor-spacer-inner\"><\/div>\n\t\t<\/div>\n\t\t\t\t\t\t<\/div>\n\t\t\t\t<\/div>\n\t\t\t\t<div class=\"elementor-element elementor-element-09c48d8 elementor-widget__width-initial elementor-invisible elementor-widget elementor-widget-text-editor\" data-id=\"09c48d8\" data-element_type=\"widget\" data-settings=\"{&quot;_animation&quot;:&quot;fadeInUp&quot;}\" data-widget_type=\"text-editor.default\">\n\t\t\t\t<div class=\"elementor-widget-container\">\n\t\t\t\t\t\t\t\t\t<p data-start=\"55\" data-end=\"208\"><span class=\"relative -mx-px my-[-0.2rem] rounded px-px py-[0.2rem] transition-colors duration-100 ease-in-out\">Cvetli\u010darna <strong data-start=\"12\" data-end=\"43\">Jasmin \u2013 Zlatica Starc s.p.<\/strong> deluje na <strong data-start=\"54\" data-end=\"83\">Gori\u0161ki cesti 13 v Vipavi<\/strong>. Ustanovljena je bila leta 2001, danes pa je prepoznavna po ponudbi sve\u017eega rezanega cvetja, lon\u010dnic, poro\u010dnih in \u017ealnih aran\u017emajev ter okrasnih dodatkov, kot so sve\u010de in darila.<\/span><\/p><p data-start=\"55\" data-end=\"208\">\u00a0<span class=\"relative -mx-px my-[-0.2rem] rounded px-px py-[0.2rem] transition-colors duration-100 ease-in-out\">Urnik poslovanja je vsak dan od ponedeljka do sobote od 8.00 do 19.00, ob nedeljah pa zaprto.<\/span><\/p><p data-start=\"210\" data-end=\"286\"><span class=\"relative -mx-px my-[-0.2rem] rounded px-px py-[0.2rem] transition-colors duration-100 ease-in-out\">Smo dostopni in prijazni \u2013 omogo\u010damo <strong data-start=\"37\" data-end=\"63\">dostavo, tudi istega dne.<\/strong><\/span><\/p><p data-start=\"288\" data-end=\"364\"><span class=\"relative -mx-px my-[-0.2rem] rounded px-px py-[0.2rem] transition-colors duration-100 ease-in-out\">V Cvetli\u010darni Jasmin smo prepoznavni po strokovnem pristopu in sr\u010dnosti. Z veseljem prisluhnemo \u017eeljam in nudimo nasvete pri izbiri cvetja, upo\u0161tevajo\u010d aktualne trende in prilo\u017enosti. Posebej smo ponosni na svoje cvetli\u010dne aran\u017emaje, ki jih na\u010drtujemo premi\u0161ljeno in po meri posamezne stranke.<\/span><\/p>\t\t\t\t\t\t\t\t<\/div>\n\t\t\t\t<\/div>\n\t\t\t\t<\/div>\n\t\t<div class=\"elementor-element elementor-element-f1fe92d e-flex e-con-boxed wpr-particle-no wpr-jarallax-no wpr-parallax-no wpr-sticky-section-no elementor-invisible e-con e-parent\" data-id=\"f1fe92d\" data-element_type=\"container\" data-settings=\"{&quot;animation&quot;:&quot;fadeInUp&quot;}\">\n\t\t\t\t\t<div class=\"e-con-inner\">\n\t\t\t\t<div class=\"elementor-element elementor-element-7b6cf00 elementor-widget-divider--view-line_text elementor-widget-divider--element-align-center elementor-widget elementor-widget-divider\" data-id=\"7b6cf00\" data-element_type=\"widget\" data-widget_type=\"divider.default\">\n\t\t\t\t<div class=\"elementor-widget-container\">\n\t\t\t\t\t\t\t<div class=\"elementor-divider\">\n\t\t\t<span class=\"elementor-divider-separator\">\n\t\t\t\t\t\t\t<h1 class=\"elementor-divider__text elementor-divider__element\">\n\t\t\t\tOBI\u0160\u010cITE NAS\t\t\t\t<\/h1>\n\t\t\t\t\t\t<\/span>\n\t\t<\/div>\n\t\t\t\t\t\t<\/div>\n\t\t\t\t<\/div>\n\t\t\t\t\t<\/div>\n\t\t\t\t<\/div>\n\t\t<div class=\"elementor-element elementor-element-4b2b3ec e-flex e-con-boxed wpr-particle-no wpr-jarallax-no wpr-parallax-no wpr-sticky-section-no elementor-invisible e-con e-parent\" data-id=\"4b2b3ec\" data-element_type=\"container\" data-settings=\"{&quot;animation&quot;:&quot;fadeInUp&quot;}\">\n\t\t\t\t\t<div class=\"e-con-inner\">\n\t\t<div class=\"elementor-element elementor-element-5b331f2 e-con-full e-flex wpr-particle-no wpr-jarallax-no wpr-parallax-no wpr-sticky-section-no e-con e-child\" data-id=\"5b331f2\" data-element_type=\"container\" data-settings=\"{&quot;background_background&quot;:&quot;classic&quot;}\">\n\t\t\t\t<div class=\"elementor-element elementor-element-98ced33 elementor-widget elementor-widget-text-editor\" data-id=\"98ced33\" data-element_type=\"widget\" data-widget_type=\"text-editor.default\">\n\t\t\t\t<div class=\"elementor-widget-container\">\n\t\t\t\t\t\t\t\t\t<ul><li>Naslov: Gori\u0161ka cesta 13, 5271 Vipava<\/li><li>Telefon: (05) 366 52 85<\/li><li>Odpiralni \u010das: Pon\u2013Sob: 8.00\u202f\u2013\u202f19.00 | Ned: zaprto<\/li><li>Dostava: mo\u017enost dostave istega dne<\/li><\/ul>\t\t\t\t\t\t\t\t<\/div>\n\t\t\t\t<\/div>\n\t\t\t\t<\/div>\n\t\t<div class=\"elementor-element elementor-element-ac79e22 e-con-full e-flex wpr-particle-no wpr-jarallax-no wpr-parallax-no wpr-sticky-section-no e-con e-child\" data-id=\"ac79e22\" data-element_type=\"container\">\n\t\t\t\t<div class=\"elementor-element elementor-element-4495b42 elementor-widget elementor-widget-image\" data-id=\"4495b42\" data-element_type=\"widget\" data-widget_type=\"image.default\">\n\t\t\t\t<div class=\"elementor-widget-container\">\n\t\t\t\t\t\t\t\t\t\t\t\t\t\t\t<img fetchpriority=\"high\" decoding=\"async\" width=\"1024\" height=\"766\" src=\"https:\/\/cvetlicarna-jasmin.com\/wp-content\/uploads\/2025\/06\/20250311_1342512-scaled-e1749770407286-1024x766.jpg\" class=\"attachment-large size-large wp-image-29827\" alt=\"\" srcset=\"https:\/\/cvetlicarna-jasmin.com\/wp-content\/uploads\/2025\/06\/20250311_1342512-scaled-e1749770407286-1024x766.jpg 1024w, https:\/\/cvetlicarna-jasmin.com\/wp-content\/uploads\/2025\/06\/20250311_1342512-scaled-e1749770407286-300x224.jpg 300w, https:\/\/cvetlicarna-jasmin.com\/wp-content\/uploads\/2025\/06\/20250311_1342512-scaled-e1749770407286-768x574.jpg 768w, https:\/\/cvetlicarna-jasmin.com\/wp-content\/uploads\/2025\/06\/20250311_1342512-scaled-e1749770407286-1536x1149.jpg 1536w, https:\/\/cvetlicarna-jasmin.com\/wp-content\/uploads\/2025\/06\/20250311_1342512-scaled-e1749770407286.jpg 1626w\" sizes=\"(max-width: 1024px) 100vw, 1024px\" \/>\t\t\t\t\t\t\t\t\t\t\t\t\t\t\t<\/div>\n\t\t\t\t<\/div>\n\t\t\t\t<\/div>\n\t\t\t\t\t<\/div>\n\t\t\t\t<\/div>\n\t\t<div class=\"elementor-element elementor-element-a90e121 e-flex e-con-boxed wpr-particle-no wpr-jarallax-no wpr-parallax-no wpr-sticky-section-no e-con e-parent\" data-id=\"a90e121\" data-element_type=\"container\">\n\t\t\t\t\t<div class=\"e-con-inner\">\n\t\t\t\t<div class=\"elementor-element elementor-element-e684867 elementor-widget elementor-widget-spacer\" data-id=\"e684867\" data-element_type=\"widget\" data-widget_type=\"spacer.default\">\n\t\t\t\t<div class=\"elementor-widget-container\">\n\t\t\t\t\t\t\t<div class=\"elementor-spacer\">\n\t\t\t<div class=\"elementor-spacer-inner\"><\/div>\n\t\t<\/div>\n\t\t\t\t\t\t<\/div>\n\t\t\t\t<\/div>\n\t\t\t\t\t<\/div>\n\t\t\t\t<\/div>\n\t\t\t\t<\/div>\n\t\t","protected":false},"excerpt":{"rendered":"<p>O NAS Cvetli\u010darna Jasmin \u2013 Zlatica Starc s.p. deluje na Gori\u0161ki cesti 13 v Vipavi. Ustanovljena je bila leta 2001, danes pa je prepoznavna po ponudbi sve\u017eega rezanega cvetja, lon\u010dnic, poro\u010dnih in \u017ealnih aran\u017emajev ter okrasnih dodatkov, kot so sve\u010de in darila. \u00a0Urnik poslovanja je vsak dan od ponedeljka do sobote od 8.00 do 19.00, ob nedeljah pa zaprto. Smo dostopni in prijazni \u2013 omogo\u010damo dostavo, tudi istega dne. V Cvetli\u010darni Jasmin smo prepoznavni po strokovnem pristopu in sr\u010dnosti. Z veseljem prisluhnemo \u017eeljam in nudimo nasvete pri izbiri cvetja, upo\u0161tevajo\u010d aktualne trende in prilo\u017enosti. Posebej smo ponosni na svoje cvetli\u010dne aran\u017emaje, ki jih na\u010drtujemo premi\u0161ljeno in po meri posamezne stranke. OBI\u0160\u010cITE NAS Naslov: Gori\u0161ka cesta 13, 5271 Vipava Telefon: (05) 366 52 85 Odpiralni \u010das: Pon\u2013Sob: 8.00\u202f\u2013\u202f19.00 | Ned: zaprto Dostava: mo\u017enost dostave istega dne<\/p>\n","protected":false},"author":1,"featured_media":0,"parent":0,"menu_order":0,"comment_status":"closed","ping_status":"closed","template":"","meta":{"footnotes":""},"class_list":["post-30484","page","type-page","status-publish","hentry"],"yoast_head":"<!-- This site is optimized with the Yoast SEO plugin v25.3 - https:\/\/yoast.com\/wordpress\/plugins\/seo\/ -->\n<title>O nas - CVETLI\u010cARNA JASMIN ZLATICA STARC S.P.<\/title>\n<meta name=\"robots\" content=\"index, follow, max-snippet:-1, max-image-preview:large, max-video-preview:-1\" \/>\n<link rel=\"canonical\" href=\"https:\/\/cvetlicarna-jasmin.com\/index.php\/o-nas\/\" \/>\n<meta property=\"og:locale\" content=\"en_US\" \/>\n<meta property=\"og:type\" content=\"article\" \/>\n<meta property=\"og:title\" content=\"O nas - CVETLI\u010cARNA JASMIN ZLATICA STARC S.P.\" \/>\n<meta property=\"og:description\" content=\"O NAS Cvetli\u010darna Jasmin \u2013 Zlatica Starc s.p. deluje na Gori\u0161ki cesti 13 v Vipavi. Ustanovljena je bila leta 2001, danes pa je prepoznavna po ponudbi sve\u017eega rezanega cvetja, lon\u010dnic, poro\u010dnih in \u017ealnih aran\u017emajev ter okrasnih dodatkov, kot so sve\u010de in darila. \u00a0Urnik poslovanja je vsak dan od ponedeljka do sobote od 8.00 do 19.00, ob nedeljah pa zaprto. Smo dostopni in prijazni \u2013 omogo\u010damo dostavo, tudi istega dne. V Cvetli\u010darni Jasmin smo prepoznavni po strokovnem pristopu in sr\u010dnosti. Z veseljem prisluhnemo \u017eeljam in nudimo nasvete pri izbiri cvetja, upo\u0161tevajo\u010d aktualne trende in prilo\u017enosti. Posebej smo ponosni na svoje cvetli\u010dne aran\u017emaje, ki jih na\u010drtujemo premi\u0161ljeno in po meri posamezne stranke. OBI\u0160\u010cITE NAS Naslov: Gori\u0161ka cesta 13, 5271 Vipava Telefon: (05) 366 52 85 Odpiralni \u010das: Pon\u2013Sob: 8.00\u202f\u2013\u202f19.00 | Ned: zaprto Dostava: mo\u017enost dostave istega dne\" \/>\n<meta property=\"og:url\" content=\"https:\/\/cvetlicarna-jasmin.com\/index.php\/o-nas\/\" \/>\n<meta property=\"og:site_name\" content=\"CVETLI\u010cARNA JASMIN ZLATICA STARC S.P.\" \/>\n<meta property=\"article:modified_time\" content=\"2025-06-17T09:19:27+00:00\" \/>\n<meta property=\"og:image\" content=\"https:\/\/cvetlicarna-jasmin.com\/wp-content\/uploads\/2025\/06\/20250311_1342512-scaled-e1749770407286.jpg\" \/>\n\t<meta property=\"og:image:width\" content=\"1626\" \/>\n\t<meta property=\"og:image:height\" content=\"1216\" \/>\n\t<meta property=\"og:image:type\" content=\"image\/jpeg\" \/>\n<meta name=\"twitter:card\" content=\"summary_large_image\" \/>\n<meta name=\"twitter:label1\" content=\"Est. reading time\" \/>\n\t<meta name=\"twitter:data1\" content=\"1 minute\" \/>\n<script type=\"application\/ld+json\" class=\"yoast-schema-graph\">{\"@context\":\"https:\/\/schema.org\",\"@graph\":[{\"@type\":\"WebPage\",\"@id\":\"https:\/\/cvetlicarna-jasmin.com\/index.php\/o-nas\/\",\"url\":\"https:\/\/cvetlicarna-jasmin.com\/index.php\/o-nas\/\",\"name\":\"O nas - CVETLI\u010cARNA JASMIN ZLATICA STARC S.P.\",\"isPartOf\":{\"@id\":\"https:\/\/cvetlicarna-jasmin.com\/#website\"},\"primaryImageOfPage\":{\"@id\":\"https:\/\/cvetlicarna-jasmin.com\/index.php\/o-nas\/#primaryimage\"},\"image\":{\"@id\":\"https:\/\/cvetlicarna-jasmin.com\/index.php\/o-nas\/#primaryimage\"},\"thumbnailUrl\":\"https:\/\/cvetlicarna-jasmin.com\/wp-content\/uploads\/2025\/06\/20250311_1342512-scaled-e1749770407286-1024x766.jpg\",\"datePublished\":\"2025-06-16T09:35:25+00:00\",\"dateModified\":\"2025-06-17T09:19:27+00:00\",\"breadcrumb\":{\"@id\":\"https:\/\/cvetlicarna-jasmin.com\/index.php\/o-nas\/#breadcrumb\"},\"inLanguage\":\"en-US\",\"potentialAction\":[{\"@type\":\"ReadAction\",\"target\":[\"https:\/\/cvetlicarna-jasmin.com\/index.php\/o-nas\/\"]}]},{\"@type\":\"ImageObject\",\"inLanguage\":\"en-US\",\"@id\":\"https:\/\/cvetlicarna-jasmin.com\/index.php\/o-nas\/#primaryimage\",\"url\":\"https:\/\/cvetlicarna-jasmin.com\/wp-content\/uploads\/2025\/06\/20250311_1342512-scaled-e1749770407286.jpg\",\"contentUrl\":\"https:\/\/cvetlicarna-jasmin.com\/wp-content\/uploads\/2025\/06\/20250311_1342512-scaled-e1749770407286.jpg\",\"width\":1626,\"height\":1216},{\"@type\":\"BreadcrumbList\",\"@id\":\"https:\/\/cvetlicarna-jasmin.com\/index.php\/o-nas\/#breadcrumb\",\"itemListElement\":[{\"@type\":\"ListItem\",\"position\":1,\"name\":\"Home\",\"item\":\"https:\/\/cvetlicarna-jasmin.com\/\"},{\"@type\":\"ListItem\",\"position\":2,\"name\":\"O nas\"}]},{\"@type\":\"WebSite\",\"@id\":\"https:\/\/cvetlicarna-jasmin.com\/#website\",\"url\":\"https:\/\/cvetlicarna-jasmin.com\/\",\"name\":\"CVETLI\u010cARNA JASMIN ZLATICA STARC S.P.\",\"description\":\"Galerija na\u0161ega cvetja\",\"potentialAction\":[{\"@type\":\"SearchAction\",\"target\":{\"@type\":\"EntryPoint\",\"urlTemplate\":\"https:\/\/cvetlicarna-jasmin.com\/?s={search_term_string}\"},\"query-input\":{\"@type\":\"PropertyValueSpecification\",\"valueRequired\":true,\"valueName\":\"search_term_string\"}}],\"inLanguage\":\"en-US\"}]}<\/script>\n<!-- \/ Yoast SEO plugin. -->","yoast_head_json":{"title":"O nas - CVETLI\u010cARNA JASMIN ZLATICA STARC S.P.","robots":{"index":"index","follow":"follow","max-snippet":"max-snippet:-1","max-image-preview":"max-image-preview:large","max-video-preview":"max-video-preview:-1"},"canonical":"https:\/\/cvetlicarna-jasmin.com\/index.php\/o-nas\/","og_locale":"en_US","og_type":"article","og_title":"O nas - CVETLI\u010cARNA JASMIN ZLATICA STARC S.P.","og_description":"O NAS Cvetli\u010darna Jasmin \u2013 Zlatica Starc s.p. deluje na Gori\u0161ki cesti 13 v Vipavi. Ustanovljena je bila leta 2001, danes pa je prepoznavna po ponudbi sve\u017eega rezanega cvetja, lon\u010dnic, poro\u010dnih in \u017ealnih aran\u017emajev ter okrasnih dodatkov, kot so sve\u010de in darila. \u00a0Urnik poslovanja je vsak dan od ponedeljka do sobote od 8.00 do 19.00, ob nedeljah pa zaprto. Smo dostopni in prijazni \u2013 omogo\u010damo dostavo, tudi istega dne. V Cvetli\u010darni Jasmin smo prepoznavni po strokovnem pristopu in sr\u010dnosti. Z veseljem prisluhnemo \u017eeljam in nudimo nasvete pri izbiri cvetja, upo\u0161tevajo\u010d aktualne trende in prilo\u017enosti. Posebej smo ponosni na svoje cvetli\u010dne aran\u017emaje, ki jih na\u010drtujemo premi\u0161ljeno in po meri posamezne stranke. OBI\u0160\u010cITE NAS Naslov: Gori\u0161ka cesta 13, 5271 Vipava Telefon: (05) 366 52 85 Odpiralni \u010das: Pon\u2013Sob: 8.00\u202f\u2013\u202f19.00 | Ned: zaprto Dostava: mo\u017enost dostave istega dne","og_url":"https:\/\/cvetlicarna-jasmin.com\/index.php\/o-nas\/","og_site_name":"CVETLI\u010cARNA JASMIN ZLATICA STARC S.P.","article_modified_time":"2025-06-17T09:19:27+00:00","og_image":[{"width":1626,"height":1216,"url":"https:\/\/cvetlicarna-jasmin.com\/wp-content\/uploads\/2025\/06\/20250311_1342512-scaled-e1749770407286.jpg","type":"image\/jpeg"}],"twitter_card":"summary_large_image","twitter_misc":{"Est. reading time":"1 minute"},"schema":{"@context":"https:\/\/schema.org","@graph":[{"@type":"WebPage","@id":"https:\/\/cvetlicarna-jasmin.com\/index.php\/o-nas\/","url":"https:\/\/cvetlicarna-jasmin.com\/index.php\/o-nas\/","name":"O nas - CVETLI\u010cARNA JASMIN ZLATICA STARC S.P.","isPartOf":{"@id":"https:\/\/cvetlicarna-jasmin.com\/#website"},"primaryImageOfPage":{"@id":"https:\/\/cvetlicarna-jasmin.com\/index.php\/o-nas\/#primaryimage"},"image":{"@id":"https:\/\/cvetlicarna-jasmin.com\/index.php\/o-nas\/#primaryimage"},"thumbnailUrl":"https:\/\/cvetlicarna-jasmin.com\/wp-content\/uploads\/2025\/06\/20250311_1342512-scaled-e1749770407286-1024x766.jpg","datePublished":"2025-06-16T09:35:25+00:00","dateModified":"2025-06-17T09:19:27+00:00","breadcrumb":{"@id":"https:\/\/cvetlicarna-jasmin.com\/index.php\/o-nas\/#breadcrumb"},"inLanguage":"en-US","potentialAction":[{"@type":"ReadAction","target":["https:\/\/cvetlicarna-jasmin.com\/index.php\/o-nas\/"]}]},{"@type":"ImageObject","inLanguage":"en-US","@id":"https:\/\/cvetlicarna-jasmin.com\/index.php\/o-nas\/#primaryimage","url":"https:\/\/cvetlicarna-jasmin.com\/wp-content\/uploads\/2025\/06\/20250311_1342512-scaled-e1749770407286.jpg","contentUrl":"https:\/\/cvetlicarna-jasmin.com\/wp-content\/uploads\/2025\/06\/20250311_1342512-scaled-e1749770407286.jpg","width":1626,"height":1216},{"@type":"BreadcrumbList","@id":"https:\/\/cvetlicarna-jasmin.com\/index.php\/o-nas\/#breadcrumb","itemListElement":[{"@type":"ListItem","position":1,"name":"Home","item":"https:\/\/cvetlicarna-jasmin.com\/"},{"@type":"ListItem","position":2,"name":"O nas"}]},{"@type":"WebSite","@id":"https:\/\/cvetlicarna-jasmin.com\/#website","url":"https:\/\/cvetlicarna-jasmin.com\/","name":"CVETLI\u010cARNA JASMIN ZLATICA STARC S.P.","description":"Galerija na\u0161ega cvetja","potentialAction":[{"@type":"SearchAction","target":{"@type":"EntryPoint","urlTemplate":"https:\/\/cvetlicarna-jasmin.com\/?s={search_term_string}"},"query-input":{"@type":"PropertyValueSpecification","valueRequired":true,"valueName":"search_term_string"}}],"inLanguage":"en-US"}]}},"_links":{"self":[{"href":"https:\/\/cvetlicarna-jasmin.com\/index.php\/wp-json\/wp\/v2\/pages\/30484","targetHints":{"allow":["GET"]}}],"collection":[{"href":"https:\/\/cvetlicarna-jasmin.com\/index.php\/wp-json\/wp\/v2\/pages"}],"about":[{"href":"https:\/\/cvetlicarna-jasmin.com\/index.php\/wp-json\/wp\/v2\/types\/page"}],"author":[{"embeddable":true,"href":"https:\/\/cvetlicarna-jasmin.com\/index.php\/wp-json\/wp\/v2\/users\/1"}],"replies":[{"embeddable":true,"href":"https:\/\/cvetlicarna-jasmin.com\/index.php\/wp-json\/wp\/v2\/comments?post=30484"}],"version-history":[{"count":37,"href":"https:\/\/cvetlicarna-jasmin.com\/index.php\/wp-json\/wp\/v2\/pages\/30484\/revisions"}],"predecessor-version":[{"id":30637,"href":"https:\/\/cvetlicarna-jasmin.com\/index.php\/wp-json\/wp\/v2\/pages\/30484\/revisions\/30637"}],"wp:attachment":[{"href":"https:\/\/cvetlicarna-jasmin.com\/index.php\/wp-json\/wp\/v2\/media?parent=30484"}],"curies":[{"name":"wp","href":"https:\/\/api.w.org\/{rel}","templated":true}]}}